- -14. What is the remainder when 10 is divided by f?
4
Let f be (-31)/(-3) - 6/(-9). Suppose 0 = -2*l - 6, -3*x + 3*l = -4 - f. Calculate the remainder when x - 2 - 1*-2 is divided by 1.
0
Suppose -2*v = -2 - 24. Let i be (1/(-3))/((-3)/99). Let o(y) = 4*y + 6. Calculate the remainder when o(i) is divided by v.
11
Let a(v) = -2*v**3 - 3*v**2 - v + 3. What is the remainder when 131 is divided by a(-3)?
32
Let f(n) = n**2 + n - 5. Let j be f(-5). Suppose -2*l = -3*l + j. Let v = 43 + 15. What is the remainder when v is divided by l?
13
Suppose -2*x + 165 = 3*r, r = 3*x - 199 - 54. What is the remainder when x is divided by 24?
12
Let a be (0 - -1)*(2 - 1). Let y = a - 1. Calculate the remainder when 16 is divided by 2 + y + -3 + 7.
4
Calculate the remainder when (-166)/(-2) + 8/4 is divided by 18.
13
Let b(z) = 5*z - 6. Let t be b(8). Suppose 0 = -4*j + t + 26. Suppose 2*r - j = r. What is the remainder when 28 is divided by r?
13
Suppose b + o - 3*o - 4 = 0, -o - 29 = 4*b. Let g(z) = -z**3 - 5*z**2 + 6*z + 7. Calculate the remainder when g(b) is divided by -3*(-1 + 1 - 1).
1
Suppose -g + 26 = -0*g. Let s be (-14 + -6)/(4/(-14)). Suppose -7*j = -2*j - s. Calculate the remainder when g is divided by j.
12
Suppose 5 = 3*a - 31. Let g(m) = -m**3 + 0 + m**2 + 4 + 4*m**2. Calculate the remainder when g(3) is divided by a.
10
What is the remainder when 0 + (-2 - 2) + 188 is divided by 37?
36
Suppose 4*y - z = 64, -5*z - 35 = -3*y + 30. Calculate the remainder when 73 is divided by y.
13
Suppose -6*p + 2*p + 88 = 0. Suppose -3*y + 24 = -0*y. What is the remainder when p is divided by y?
6
Let k(g) = -g**3 - 2*g + 12. Suppose -4*w + 0*f + f + 240 = 0, 5*f = 2*w - 138. Calculate the remainder when w is divided by k(0).
11
Suppose 0 = n - 7 - 10. What is the remainder when 3/1*n - 3 is divided by 17?
14
Suppose -4 = -c - 1. Let d be (-2 + -1)*c/(-3). Suppose -4*b + 21 = d*z - 19, -4*b = 2*z - 36. What is the remainder when 12 is divided by b?
5
Let l(t) = t + 12. Let s = 41 + -33. Calculate the remainder when s is divided by l(-6).
2
Let h = -18 - -30. Let x = h - 2. Let t(d) = d**2 + 2*d + 5. What is the remainder when t(4) is divided by x?
9
Suppose -4*b - 32 = 2*g - 8*b, 2*b - 34 = 4*g. Let r = 35 + -25. Let l = g + r. What is the remainder when 10 is divided by l?
2
Calculate the remainder when 177/6 - 2/(-4) is divided by 20.
10
Suppose 0*d = -2*d + 42. Calculate the remainder when 58 is divided by d.
16
Let b = 15 + 4. What is the remainder when b is divided by 5?
4
Let l be (-2)/(-12)*2*3. Calculate the remainder when 24 + (l - (-1 - -3)) is divided by 12.
11
Suppose -5*k + 94 = -61. Suppose -v = 2*v - 5*c - 123, -5*c = -v + k. Calculate the remainder when v is divided by ((-54)/(-90))/(1/45) - 3.
22
Let t = -58 + 67. Calculate the remainder when t is divided by 2.
1
Suppose 0 = 5*t - 2*x - 65, 0 = 5*t - 0*x + 3*x - 40. Let d = 70 + -39. What is the remainder when d is divided by t?
9
Suppose 3*o - 6*i = -7*i + 210, -5*i - 192 = -3*o. What is the remainder when o is divided by 38?
31
Let j(x) = -2*x - 6. Let q be j(-5). Suppose u = q*n - 6*n + 8, 0 = -4*u. What is the remainder when 1/(-4) - 53/(-4) is divided by n?
1
Let g(l) be the second derivative of l**4/12 + l**3 - l**2 - l. Calculate the remainder when 19 is divided by g(-7).
4
Let s be -1 + 26 - (-5 - -2). Suppose -74 = -3*o - 0*k + 4*k, -4*o + 3*k + 87 = 0. Let c = s - o. Calculate the remainder when 29 is divided by c.
9
Let y(s) = s - 3. What is the remainder when y(14) is divided by 4?
3
Let n = 15 - 37. Let q = 35 + n. What is the remainder when 28 is divided by -1*(3 - 5 - q)?
13
Let y be 5 - (-2)/(-1*2). Suppose -2*z - 4*u = -z - 21, 3*z + 1 = y*u. What is the remainder when 29 is divided by -2 + 1 - (-55)/z?
9
What is the remainder when 1 + 1 + -6 + 94 is divided by 23?
21
Suppose 5*f - 24 = 4*w + 23, 0 = 3*w + 9. What is the remainder when 11 is divided by f?
4
Let q = -15 - -32. Let h = -12 + q. What is the remainder when 13 is divided by h?
3
Let s = -3 - -97. Suppose -s = -4*v + 2*u, 3*v = -0*v + 3*u + 69. Calculate the remainder when 69 is divided by v.
21
Let j(v) = -12*v**3 + v**2 + 4*v + 3. Calculate the remainder when j(-2) is divided by 24.
23
Let v = -73 + 111. Let z = 79 - v. Calculate the remainder when z is divided by 21.
20
Let s = 91 - 14. What is the remainder when s is divided by 23?
8
Let m(i) = -i**3 + 2*i**2 + 2*i - 1. What is the remainder when 16 is divided by m(2)?
1
Let x be (28/3)/((-4)/(-12)). What is the remainder when 189/x*16/6 is divided by 10?
8
Let x = 62 - 38. Calculate the remainder when 71 is divided by x.
23
Let z be (1 + -2)/(0 - 1). Let y = 4 - z. Suppose 0*j + 6 = y*j. Calculate the remainder when 2 is divided by j.
0
Suppose 3*i - i = 4*x - 14, -4*i + 4*x = 8. What is the remainder when i is divided by 1?
0
Let a = 214 - 125. Suppose -a = -4*w - r, w + 5*r = -w + 49. Calculate the remainder when 42 is divided by w.
20
Suppose 3*g - 3*h = g + 29, 2*h - 14 = -2*g. What is the remainder when 26 is divided by g?
6
Let k be (-12)/42 - 60/(-14). Suppose k*j = 3*j + 54. Calculate the remainder when (-5)/((-5)/j) - 1 is divided by 18.
17
Let l be 18/8 - 1/4. Suppose 0 = n - 3, 0 = -4*x + n + l*n + 51. Suppose 0 = 7*c - 4*c - 174. What is the remainder when c is divided by x?
13
What is the remainder when 88 is divided by (-6)/(32/12 - 3)?
16
Suppose 0 = -88*t + 93*t - 330. What is the remainder when t is divided by 4?
2
Let u(k) = -3*k - 15 + k + 0*k. Suppose -s + 2*s = -10. Calculate the remainder when u(s) is divided by 3.
2
Suppose n - 33 = 5*m, 7*n = 2*n - 3*m + 165. Calculate the remainder when 64 is divided by n.
31
Suppose h + 2*h = -4*d + 44, -4*d + 44 = 5*h. Calculate the remainder when 162/4 + (-1)/(-2) is divided by d.
8
Suppose -2*x + 22 = 4*i, 4*i - 4*x - 2 = 2. Let w = i + -2. Suppose c - 13 = -4*c + 2*l, -4*c = 5*l - 17. What is the remainder when c is divided by w?
1
Suppose 252 = t + 3*t. Let s be 301/t - (-4)/18. Suppose -2*o + 3 = 1, -s*o = 3*z - 53. What is the remainder when 61 is divided by z?
13
Let x = -31 + 49. Suppose -u = 3*u - 212. What is the remainder when u is divided by x?
17
Let u(n) = 4*n**2 + 1. What is the remainder when 11 is divided by u(1)?
1
Suppose 4*q - 48 = 24. Calculate the remainder when 33 is divided by q.
15
Let q = -1 - -13. Calculate the remainder when (198/(-8))/(q/(-32)) is divided by 17.
15
Suppose 0*h - 122 = -4*k - 3*h, h - 158 = -5*k. Let r(j) = -j**3 + 7*j**2 + 3*j - 10. Calculate the remainder when k is divided by r(7).
10
Suppose -y + 23 = -8. Let r be 0 - 10*2/2. Let q = 6 - r. Calculate the remainder when y is divided by q.
15
Suppose x - 6*x + 75 = 0. Let w be -2*5/(-2) - 2. Suppose 45 = w*u + x. Calculate the remainder when u is divided by 6.
4
Let l(c) = c**2 - 3*c - 3. Let m be l(5). Suppose 5*x - m = -s, 1 = 2*s + x + 5. Calculate the remainder when (-66)/s - 0/(-2) is divided by 8.
6
Suppose 0*k + 34 = 2*k. What is the remainder when 48 + (-2)/4*-2 is divided by k?
15
Let v = 152 + -60. Let w = -44 + v. Calculate the remainder when w is divided by 25.
23
Suppose 3*l = 2*w + 22, 0*w = -2*l + w + 13. Let c = 0 + l. What is the remainder when 9 is divided by c?
1
Suppose -w - 41 = -2*w. What is the remainder when w is divided by 14?
13
Let h = 39 + -25. Let x = 28 - h. What is the remainder when x is divided by 4?
2
Let y(h) = 7*h**2 - 6*h + 1. Calculate the remainder when y(3) is divided by 12.
10
Let x(b) = b**3 + 6*b**2 - 8*b + 4. Let y be x(-7). Let o = 3 + y. Calculate the remainder when 54 is divided by o.
12
Calculate the remainder when 92 is divided by (-74)/(-4) + (-1)/(-2).
16
Suppose 4*c = -5*f + 3*c + 102, 0 = -3*f - 4*c + 51. Calculate the remainder when f is divided by 8.
5
Let a = -32 - -49. Let c = -2 + 4. Calculate the remainder when c/3 + (-148)/(-3) is divided by a.
16
Suppose 0 = -3*j + m + 103, -2*j + j + 4*m + 27 = 0. Suppose 2*o - j = -3*o. Calculate the remainder when o is divided by 3.
1
Suppose 0*u - 89 = -u - 2*l, -u - 5*l = -104. What is the remainder when u is divided by 16?
15
Suppose 4*u = 3*u + 6. Suppose -m + 6 = -u. What is the remainder when 34 is divided by m?
10
Let b = -112 - -142. Calculate the remainder when 177 is divided by b.
27
Let u = -4 